= 2*a**3 - 5*a**2 - 13517*a + 54021. Give c(4).
1
Let b(o) = o**3 - 19*o**2 - 81*o + 521. Calculate b(22).
191
Let g(k) = -5*k**3 - 1020*k**2 + 1015*k - 2049. Give g(-205).
1
Let k(p) = -3919*p + 207748. Determine k(53).
41
Let t(d) = -9*d**2 + 853*d + 42658. Calculate t(131).
-48
Let f(s) = -26698*s - 80993. Determine f(-3).
-899
Let g(k) = -151*k**2 + 9275*k - 3909. Determine g(61).
-5
Let d(s) = -18*s**2 - 161*s + 17. Determine d(-8).
153
Let r(z) = -24*z**3 - 169*z**2 - 1028*z - 7202. Give r(-7).
-55
Let i(p) = -4*p**2 + 404*p + 29. Determine i(101).
29
Let k(n) = 2*n**3 + n**2 + 10351*n + 5. Give k(0).
5
Let p(b) = -5116*b + 440053. What is p(86)?
77
Let k(j) = j**3 - 65*j**2 + 849*j - 53. What is k(47)?
88
Let i(p) = -73*p**2 + 1536*p - 31. Determine i(21).
32
Let y(z) = 265*z**2 - 14256*z + 28511. Determine y(2).
1059
Let v(j) = j**3 + 69*j**2 - 14*j - 88. What is v(-69)?
878
Let x(g) = -5*g + 1502. Calculate x(58).
1212
Let k(z) = 13*z**2 - 1834*z - 8666. Give k(146).
678
Let b(j) = -11*j**2 + 126*j - 208. Determine b(5).
147
Let u(s) = 57*s**2 + 206*s - 62. Calculate u(-4).
26
Let f(i) = -27472*i - 357128. Calculate f(-13).
8
Let z(s) = s**3 + 243*s**2 + 3*s + 622. What is z(-243)?
-107
Let u(i) = -5*i**3 - 42*i**2 + 539*i + 2556. Give u(-4).
48
Let k(f) = 58*f**2 + 276*f - 105. Calculate k(-5).
-35
Let d(h) = -29*h**2 - 1269*h - 8086. Give d(-36).
14
Let q(g) = -18*g**2 - 4132*g + 56754. What is q(13)?
-4
Let d(w) = -3*w**3 - 52*w**2 + 2589*w + 159. Determine d(22).
5
Let i(y) = 4*y**3 - 67*y**2 + 166*y + 1039. Give i(9).
22
Let g(j) = -37956*j - 227768. What is g(-6)?
-32
Let l(w) = w**3 + 70*w**2 - 153*w - 656. Give l(-72).
-8
Let g(m) = 1136*m + 226086. Give g(-199).
22
Let w(z) = -z**3 - 201*z**2 - 1017*z - 237. Give w(-5).
-52
Let a(r) = 193*r - 1687. Calculate a(3).
-1108
Let n(f) = f**3 - 84*f**2 + 462*f - 46. Give n(6).
-82
Let j(v) = 3*v**3 + 27*v**2 + 54*v + 98. Determine j(-7).
14
Let v(p) = -2*p**3 - 83*p**2 - 876*p + 14. Determine v(-14).
1498
Let h(z) = -7539*z + 310224. Determine h(41).
1125
Let g(m) = m**2 - 512*m + 46958. Give g(120).
-82
Let v(j) = 16*j**3 - 308*j**2 + 30*j - 240. Calculate v(19).
-1114
Let f(g) = 65*g**2 + 33214*g - 521. Give f(-511).
-10
Let r(v) = -v**3 + 475*v**2 + 1683*v + 111632. Give r(479).
25
Let t(u) = -5*u**3 - 1074*u**2 + 3474*u - 3028. Give t(-218).
24
Let f(u) = u**3 + 399*u**2 - 2081*u - 512802. What is f(-401)?
77
Let a(u) = u**2 - 4202*u + 2051825. Calculate a(564).
-7
Let u(w) = -233863*w + 701595. What is u(3)?
6
Let s(u) = -338762*u + 2710099. What is s(8)?
3
Let m(v) = v**2 + 330*v + 20282. Calculate m(-82).
-54
Let a(s) = 8*s**3 + 143*s**2 - 16*s - 38. Give a(-18).
-74
Let y(d) = 3*d**3 - 21*d**2 + 1435*d - 10029. Give y(7).
16
Let n(p) = 40081*p - 6893966. Determine n(172).
-34
Let i(l) = -44416*l - 5596410. Determine i(-126).
6
Let t(s) = -s**2 + 18475*s + 833329. What is t(-45)?
-71
Let q(y) = 3546*y + 144804. Calculate q(-41).
-582
Let y(s) = -s**3 - 45*s**2 - 90*s - 2176. Determine y(-44).
-152
Let j(a) = -74*a + 2174. Calculate j(27).
176
Let l(u) = -u**3 + 26*u**2 - 70*u + 542. Calculate l(26).
-1278
Let h(a) = -a**3 - 112*a**2 + 1205*a - 1830. Determine h(-122).
0
Let c(x) = -67*x + 8937. Determine c(128).
361
Let h(m) = -m**2 - 213*m + 4151. Determine h(18).
-7
Let s(q) = q**3 - 19*q**2 - 465*q + 5083. What is s(29)?
8
Let b(j) = -10*j**2 + 10*j + 71. Determine b(-10).
-1029
Let j(g) = -224*g**2 - 193*g - 196. Determine j(-1).
-227
Let h(s) = -29115*s + 1106387. Determine h(38).
17
Let s(f) = -6752*f + 80757. Calculate s(12).
-267
Let y(u) = -6*u**3 - 507*u**2 + 309*u - 57. What is y(-85)?
-4647
Let v(k) = 455*k - 23283. Give v(51).
-78
Let n(j) = j**3 - 1149*j**2 + 37913*j - 87. Give n(34).
15
Let t(z) = 3*z**2 - 3326*z - 50591. Give t(-15).
-26
Let b(g) = 2*g**3 - 26*g**2 + 106*g - 967. Calculate b(12).
17
Let m(p) = -p**2 + 212*p - 7474. Give m(167).
41
Let w(b) = 511*b + 5957. Calculate w(-12).
-175
Let a(t) = 187022*t + 13091544. Determine a(-70).
4
Let t(l) = 2*l**2 - 349*l + 15195. Give t(95).
90
Let i(u) = -10831*u + 270789. Give i(25).
14
Let x(k) = -5*k**3 + 46*k**2 - 40*k - 54. Give x(9).
-333
Let g(x) = -x**3 + 66*x**2 - 721*x + 52802. What is g(67)?
6
Let g(w) = 986342*w + 3945361. Calculate g(-4).
-7
Let a(c) = 38475*c + 193447. What is a(-5)?
1072
Let x(s) = -2*s**3 + 78*s**2 - 27*s - 57. Calculate x(38).
1805
Let y(j) = 193*j**2 - 8894*j + 502. Give y(46).
-234
Let v(n) = -301*n**3 - 9*n**2 - 31*n - 20. Calculate v(-1).
303
Let f(s) = -3728*s - 1092341. What is f(-293)?
-37
Let c(y) = 2*y**3 - 142*y**2 - 12*y - 7299. What is c(72)?
2205
Let z(i) = -151023*i + 604120. Determine z(4).
28
Let f(p) = 11*p**3 + 1330*p**2 - 131*p - 109. Calculate f(-121).
1101
Let n(o) = -1116*o**3 + 16*o**2 + 58*o + 43. Calculate n(-1).
1117
Let j(a) = -246*a + 7000. Give j(29).
-134
Let p(c) = -502*c + 1768. Give p(2).
764
Let n(o) = o**3 - 194*o**2 - 248*o - 28122. Give n(196).
102
Let z(p) = -14*p**3 - 141*p**2 + 420*p + 1201. What is z(-12)?
49
Let g(k) = k**3 - 17*k**2 - 774*k + 5230. What is g(-24)?
190
Let i(a) = -a**2 + 494*a - 41409. What is i(107)?
0
Let v(n) = -83*n**2 + 391*n - 12. Calculate v(7).
-1342
Let g(r) = 98*r**3 + 6*r**2 - 19230*r + 19225. Give g(1).
99
Let p(i) = 28366*i + 283672. Calculate p(-10).
12
Let b(m) = -8088141*m - 72793266. Determine b(-9).
3
Let w(y) = 421039*y - 2947268. Determine w(7).
5
Let i(c) = -2*c**3 - 452*c**2 + 1873*c - 27. Calculate i(-230).
-7617
Let c(s) = -14*s + 495. What is c(3)?
453
Let y(f) = -f**3 - 354*f**2 + 30205*f + 12749. Calculate y(-425).
-1
Let p(k) = k**2 + 194*k - 2709. Determine p(13).
-18
Let h(u) = -3276*u**2 - 144141*u + 131. What is h(-44)?
-1
Let s(l) = 2*l**2 - 18435*l - 406524. Calculate s(-22).
14
Let u(p) = -p**3 - 269*p**2 - 45*p - 12101. Give u(-269).
4
Let k(u) = -3*u**3 - 147*u**2 + 1228*u + 2916. Calculate k(-56).
4
Let f(y) = 2*y**2 - 50321*y - 352356. Give f(-7).
-11
Let c(m) = m**2 + 35*m - 45670. Determine c(197).
34
Let m(i) = 65262*i - 261039. Determine m(4).
9
Let l(z) = -z**3 - 52*z**2 - 444*z + 2568. Determine l(-17).
1
Let i(q) = -2*q**3 - 99*q**2 - 188*q - 5574. What is i(-49)?
1237
Let t(k) = k**2 + 3758*k + 119377. Calculate t(-32).
145
Let q(z) = -881*z - 95037. Calculate q(-107).
-770
Let n(q) = -11565*q + 56905. What is n(5)?
-920
Let b(t) = -2067*t - 43404. Determine b(-21).
3
Let f(a) = 2*a**2 + 93*a + 2294. Give f(-21).
1223
Let k(b) = 3*b**2 + 15542*b - 124296. What is k(8)?
232
Let x(i) = 98*i - 1818. Give x(18).
-54
Let r(t) = -7*t**3 + 5*t**2 - 45*t + 103. Calculate r(2).
-23
Let t(p) = 145*p**2 + 14859*p - 7811. What is t(-103)?
17
Let q(c) = 2*c**3 - 11*c**2 + 372*c - 3064. Calculate q(8).
232
Let b(x) = -4*x**2 - 973*x + 18636. Calculate b(-261).
105
Let a(y) = 1328*y**3 - 3*y**2 - 594*y + 592. Calculate a(1).
1323
Let q(p) = p**3 + 457*p**2 + 22113*p + 164. Calculate q(-55).
-1
Let u(g) = 4*g**3 - 112*g**2 + 193*g - 4338. What is u(28)?
1066
Let l(d) = 3867*d - 123750. What is l(32)?
-6
Let x(b) = 24*b**2 + 707*b - 44. Calculate x(-29).
-363
Let i(f) = 25787*f - 438475. Determine i(17).
-96
Let o(b) = -2*b**3 - 169*b**2 - 865*b + 268. What is o(-79)?
-48
Let s(m) = -425*m - 261. What is s(-3)?
1014
Let k(w) = 1469*w - 107230. What is k(73)?
7
Let q(o) = 1182*o - 12993. Calculate q(11).
9
Let o(v) = 80*v**2 - 854*v + 1685. Determine o(2).
297
Let l(q) = -57552*q + 2647371. Calculate l(46).
-21
Let a(s) = -2117*s - 11122. Determine a(-6).
1580
Let l(z) = -32*z**3 + 481*z**2 - 61*z + 205. What is l(15)?
-485
Let j(q) = -6*q**3 + 12*q**2 - 36*q + 2. What is j(4)?
-334
Let p(g) = g**2 - 892*g - 21987. Give p(-24).
-3
Let s(t) = -1544*t**3 + 323*t**2 + 328*t + 5. What is s(-1)?
1544
Let t(j) = -26774*j - 132292. Give t(-5).
1578
Let i(s) = s**3 - 24*s**2 + 107*s + 41. Give i(18).
23
Let b(g) = 4*g**3 + 111*g**2 - 118*g - 2422. Give b(-28).
98
Let n(k) = -k**3 + 504*k**2 + 11587*k - 7914. Give n(526).
-24
Let g(u) = -14*u**3 - 615*u**2 + 64*u + 701. Calculate g(-44).
-179
Let h(c) = 75*c**3 + 32*c**2 - 173*c + 206. Calculate h(2).
588
Let u(b) = 828*b + 11567. What is u(-15)?
-853
Let s(h) = 1674*h - 157366. Determine s(94).
-10
Let c(t) = 16599*t + 83217. Calculate c(-5).